 (-14)/4*(-3294)/3843. What is the greatest common factor of h and y?
3
Suppose 41*w - 652 = 7876. What is the highest common divisor of w and 15496?
104
Let s = 27 - 15. Let t(r) = -r**3 + 3*r**2 + 2*r - 4. Let f be t(3). Suppose -15 = -3*h + 3*o, 2*o - f = 4. Calculate the greatest common factor of h and s.
4
Suppose -3*z - 85 = -5*b - 4*z, b - 3*z = 1. Let p = b - 10. Suppose -p*h = -4*h - 136. Calculate the greatest common divisor of h and 17.
17
Let l = -9722 - -10002. Calculate the highest common factor of 1624 and l.
56
Let w be -9 + 5 - (-1)/((-1)/(-20)). Suppose -w*a + 540 = -a. Calculate the greatest common divisor of a and 12.
12
Let c(x) = 3*x**2 - 16. Let h be c(-8). Let a be (-669)/(-15) + 6/(-10). Calculate the highest common factor of h and a.
44
Let c be (-107428)/(-22) - (60/300 - (-6)/(-55)). Calculate the greatest common factor of 19 and c.
19
Let s(i) = 8*i**3 + i**2 + 2*i - 9. Let c be s(2). Let o = 85 - c. Suppose -38 - o = -u. What is the greatest common factor of 24 and u?
12
Suppose -5*v = -2*l - 130, -4*v + v = l - 67. Suppose -t = -0*t - 2. Suppose -t*g + 22 = -10. Calculate the greatest common factor of v and g.
8
Suppose -2*t - 677 = -3*c + 836, 4*t + 3016 = -4*c. Let s = 757 + t. Let z = -4 + 20. What is the greatest common factor of s and z?
2
Suppose 3579 = 4*d + 5*a, -951*d = -946*d + 2*a - 4478. Let f(t) = 2*t + 26. Let x be f(-9). What is the highest common divisor of d and x?
8
Let a = 3579 + -3564. What is the greatest common divisor of a and 20?
5
Suppose 43*d - 960 = 28*d. Let i be ((-10)/(-8))/(40/d). Calculate the greatest common factor of 18 and i.
2
Suppose 4*r - 1674 = -3*o, -4*r - 22*o = -26*o - 1716. Calculate the highest common divisor of r and 6204.
141
Suppose -2*l = -5 - 7. Suppose x = 3*p - 24, x = -p - l + 10. Calculate the highest common factor of 259 and p.
7
Let z = 2190 - 2528. Suppose 7*n - 2*n = 4*y - 1192, -4*n + 4*y = 952. Let a = n - z. Calculate the highest common divisor of 14 and a.
14
Let k = -31289 + 31355. Calculate the highest common divisor of 9999 and k.
33
Let p = -3870 + 3877. Calculate the highest common factor of p and 37.
1
Let i = 85 - 61. Suppose -g - 22 = -4*a, -3*g + 2*g = a + 7. Let y be ((-12)/g)/(7/(-1960)*-7). What is the greatest common divisor of y and i?
24
Suppose -4*a - 5*f + 8*f + 87 = 0, 5*a + 2*f - 103 = 0. Calculate the greatest common factor of 7539 and a.
21
Let q(p) = p**3 + 7*p**2 + 11*p - 4. Let f = 86 - 90. Let r be q(f). Suppose 21*w - 18*w - 99 = r. Calculate the greatest common factor of w and 55.
11
Let b be ((-22)/55)/((-8)/(-10))*-168. Suppose g = 2*m + 54, -5*m = 4*g + b - 287. Suppose 3*x = -22 + 61. Calculate the greatest common divisor of g and x.
13
Let s(w) = -6*w - 13. Let u be s(-8). Suppose -5*b = 5*d - 15 - 0, -b - 4*d = -6. Suppose b*v + 0*v - 10 = 0. Calculate the highest common factor of u and v.
5
Let g = 1570 - 1411. Let n be (6/9)/((-6)/(-477)). Calculate the greatest common divisor of g and n.
53
Suppose -4*o = -4*a - 284, -4*o + 5*o - 65 = 2*a. What is the greatest common factor of o and 56?
7
Let v = -3 - -5. Let p(w) = -2*w**2 + 111*w + 6670. Let q be p(-36). What is the highest common factor of v and q?
2
Suppose -24217 = -19*u + 1338. Calculate the greatest common divisor of u and 20.
5
Let r(p) = 13*p + 36. Let s be r(26). Suppose s = 11*k - 0*k. Let t be -170*(-5)/(25/2). Calculate the highest common divisor of t and k.
34
Let x(n) = -6*n**3 + 66*n**2 + 32. Let u be x(11). What is the greatest common factor of u and 4064?
32
Suppose -4*r = -8*f - 120, 26*f = r + 28*f + 2. What is the greatest common divisor of 14623 and r?
7
Suppose 15*g - 13587 - 2100 = -6*g. Calculate the greatest common divisor of g and 1660.
83
Suppose 2790*x = 2793*x + 2*w - 184, 5*w - 229 = -4*x. Let c = 1046 - -76. What is the greatest common divisor of x and c?
66
Let g be ((2 - 78) + 2)*1. Let a = g + 107. Let l be a/6*(-1)/((-1)/6). What is the greatest common divisor of 22 and l?
11
Let v = -34 + 47. Let j(h) = 8*h - 167. Let f(z) = z**3 + 36*z**2 + 4*z + 173. Let c be f(-36). Let b be j(c). What is the highest common factor of v and b?
13
Suppose -1844*t - 40936 = -1912*t. Calculate the greatest common divisor of 168 and t.
14
Let u(m) = 49*m**2 - 9*m + 2. Let c be u(1). Let o be (-5 - 4/2)*-5. Let r = c - o. Calculate the highest common divisor of r and 35.
7
Suppose -12*p - 333 + 441 = 0. Let l be (-102)/5*(5 + -10). Suppose -4*c + 4*j - j = -150, 3*j = -3*c + l. Calculate the highest common factor of c and p.
9
Suppose -x + 505 = 5*u, 4296 = 4*u - 5*x + 3921. Suppose -2*k + 4*g + 124 = 0, -15 = -k + 3*g + 48. Calculate the highest common divisor of u and k.
20
Suppose 0 = 449*a - 450*a + 25. Suppose -a*d + 800 = -15*d. What is the greatest common factor of d and 280?
40
Let m be 6*(-30)/(-4) - 1. Let k = m + 110. What is the greatest common factor of k and 88?
22
Suppose -132 = 8*s - 5*s. Let o(n) = -6*n + 16. Let x be o(-9). Let b = x + s. Calculate the highest common factor of 26 and b.
26
Suppose 5*a - 4*d = 268, 4*a - 7*a - d + 171 = 0. Suppose a - 1064 = -8*x. Calculate the greatest common divisor of 90 and x.
18
Suppose -22*v - 392 = -26*v. Calculate the highest common factor of v and 1442.
14
Let o(l) = l**2 + 8*l - 21. Let y be o(3). Calculate the highest common factor of y and 3066.
6
Suppose -1672 = -4*a - 2*k, -2*k = -6*a + 3*a + 1268. Let q be (-1 + 2)*1*1140/19. Suppose 3*u - 2*u = q. What is the highest common divisor of u and a?
60
Suppose n = -4*k + 10, k + 5*n - 8 = 2*n. Suppose k*f - 18 = -8. Let m be 230/3*12/f. What is the highest common factor of m and 23?
23
Suppose r = -r + 4. Suppose -h - r*h + 27 = 0. Let f(n) = n**2 + 5*n + 24. Let l be f(-3). Calculate the greatest common factor of h and l.
9
Let i be -2*4*(42/12)/(77/220). Suppose 0 = -k - 17. Let p = k - i. Calculate the greatest common factor of 42 and p.
21
Let a = -3741 + 4197. Let i be 30/7 - 4/14. Suppose 0 = s - i*s + a. Calculate the greatest common divisor of s and 19.
19
Let l = -178 + 261. Let w = -63 + l. Suppose -2*s = 2*t - w, 3*s + 27 = 5*t + 1. Calculate the greatest common factor of t and 49.
7
Let g be 2/(-36)*-3 - 3703/(-138). Suppose 2*p - 20 = -0. Suppose 4*s - 118 = -p. What is the highest common divisor of s and g?
27
Let s = 3660 + -2298. Calculate the greatest common factor of s and 6.
6
Let i(l) be the third derivative of -l**6/120 + 3*l**5/20 + l**4/4 + 5*l**3/3 - 163*l**2 - 1. Let s be i(5). Calculate the greatest common divisor of s and 20.
20
Let b(p) = 24*p + 36. Let x be b(-5). Let r = 152 + x. Calculate the highest common divisor of r and 17.
17
Suppose -35521 = -36*o - 5029. Calculate the greatest common divisor of 28 and o.
7
Let b be (-52)/13*3/15 + (-32176)/(-20). What is the greatest common factor of b and 144?
24
Let t(h) = -h**2 - 49*h + 428. Let s be t(-56). Calculate the greatest common factor of s and 3852.
36
Let s = -8604 - -8776. What is the highest common factor of s and 32?
4
Let g = 761 + -764. Let k be 4 + (-2 - -4) - g - 0. What is the highest common factor of 369 and k?
9
Let z = 151 - -374. Let j = -88079 - -88100. Calculate the highest common divisor of j and z.
21
Let f(l) = -8*l**2 + 63*l - 6. Let z be f(10). Let u = 281 + z. What is the highest common factor of 42 and u?
21
Let i = -462 + 467. Let r be 13/(-2) + i/2 - -16. Calculate the highest common divisor of r and 156.
12
Suppose -11 = -2*s + 5. Suppose d - 6 = -5*z, 7*z + 2*d + 2 = 4*z. Suppose o - 4*o + 2*x = -68, z*o = -x + 36. Calculate the greatest common factor of s and o.
4
Suppose 4*n = -4*q + 132, -6*n + 5*q = -7*n + 33. Suppose n*b - 13*b - 2640 = 0. Calculate the greatest common divisor of 88 and b.
44
Let u be 18/12*3280/24. Calculate the highest common factor of 3649 and u.
41
Let q be ((-115)/(-10))/(-1) + 1/(-2). Let n be (-6)/q + 87/6. What is the greatest common divisor of n and 60?
15
Suppose 0*o = 5*o - 5*n - 960, -4*o = -5*n - 773. Let q be (6 - 4) + (-234)/3. Let h be (-298)/(-18) - q/171. What is the greatest common factor of h and o?
17
Let s be 23/(207/162) + -8. Let a be s/4*(-7304)/(-55). What is the greatest common factor of a and 83?
83
Suppose -2*a + 56460 = 2*j, -3*a = 436*j - 432*j - 112920. What is the highest c